of 5567992.
2, 695999
List the prime factors of 1302176.
2, 40693
What are the prime factors of 767608?
2, 229, 419
What are the prime factors of 6139590?
2, 3, 5, 29, 7057
What are the prime factors of 290086?
2, 145043
What are the prime factors of 82169?
127, 647
What are the prime factors of 139172?
2, 11, 3163
What are the prime factors of 1757926?
2, 43, 20441
List the prime factors of 149375.
5, 239
What are the prime factors of 4668586?
2, 13, 23, 37, 211
What are the prime factors of 151002?
2, 3, 8389
What are the prime factors of 23580321?
3, 7860107
List the prime factors of 359243.
359243
List the prime factors of 3131887.
11, 23, 12379
List the prime factors of 6490678.
2, 43, 71, 1063
What are the prime factors of 8162739?
3, 13, 69767
What are the prime factors of 674227?
674227
What are the prime factors of 384358?
2, 13, 14783
List the prime factors of 1904.
2, 7, 17
What are the prime factors of 4536605?
5, 907321
List the prime factors of 6379061.
13, 490697
List the prime factors of 443482.
2, 13, 37, 461
What are the prime factors of 5852702?
2, 73, 40087
List the prime factors of 409008.
2, 3, 8521
List the prime factors of 3671104.
2, 19, 3019
List the prime factors of 3455.
5, 691
What are the prime factors of 266607?
3, 11, 2693
List the prime factors of 173408.
2, 5419
What are the prime factors of 5221703?
17, 409, 751
List the prime factors of 272736.
2, 3, 947
List the prime factors of 6709112.
2, 67, 12517
What are the prime factors of 540556?
2, 67, 2017
What are the prime factors of 2809538?
2, 61, 23029
List the prime factors of 13272566.
2, 37, 67, 2677
List the prime factors of 132173.
132173
What are the prime factors of 325380?
2, 3, 5, 11, 17, 29
What are the prime factors of 31300?
2, 5, 313
What are the prime factors of 5931832?
2, 741479
What are the prime factors of 268041?
3, 47, 1901
List the prime factors of 833080.
2, 5, 59, 353
What are the prime factors of 564105?
3, 5, 37607
What are the prime factors of 79051?
7, 23, 491
What are the prime factors of 2551462?
2, 17, 101, 743
List the prime factors of 2721180.
2, 3, 5, 7, 11, 19, 31
List the prime factors of 111895.
5, 7, 23, 139
List the prime factors of 191099.
191099
List the prime factors of 2781771.
3, 19, 37, 1319
List the prime factors of 607749.
3, 173, 1171
List the prime factors of 855471.
3, 29, 9833
What are the prime factors of 56204?
2, 14051
List the prime factors of 892353.
3, 7, 11, 3863
What are the prime factors of 394068?
2, 3, 32839
What are the prime factors of 11275212?
2, 3, 13, 72277
What are the prime factors of 160367?
160367
List the prime factors of 228919.
23, 37, 269
What are the prime factors of 2565646?
2, 19, 107, 631
What are the prime factors of 24248253?
3, 8082751
What are the prime factors of 4963460?
2, 5, 41, 6053
List the prime factors of 22289535.
3, 5, 495323
What are the prime factors of 179732?
2, 7, 131
What are the prime factors of 3030130?
2, 5, 303013
List the prime factors of 6674404.
2, 11, 17, 8923
List the prime factors of 409566.
2, 3, 68261
What are the prime factors of 4738118?
2, 7, 11, 2797
List the prime factors of 107888.
2, 11, 613
List the prime factors of 1105690.
2, 5, 110569
List the prime factors of 2182017.
3, 19, 38281
What are the prime factors of 22217?
13, 1709
What are the prime factors of 306404?
2, 7, 31, 353
List the prime factors of 4864315.
5, 29, 33547
What are the prime factors of 88692?
2, 3, 19, 389
What are the prime factors of 10316469?
3, 227, 15149
What are the prime factors of 316777?
316777
What are the prime factors of 2888502?
2, 3, 481417
What are the prime factors of 187084?
2, 46771
What are the prime factors of 10148596?
2, 281, 9029
List the prime factors of 1981600.
2, 5, 2477
What are the prime factors of 261511?
17, 15383
What are the prime factors of 33220831?
7, 4745833
List the prime factors of 392432.
2, 24527
What are the prime factors of 68278?
2, 7, 4877
List the prime factors of 29655977.
13, 2281229
List the prime factors of 2709909.
3, 167, 601
List the prime factors of 21803.
21803
List the prime factors of 591903.
3, 13, 5059
List the prime factors of 7195720.
2, 5, 7, 31, 829
What are the prime factors of 1434253?
19, 29, 137
What are the prime factors of 2192866?
2, 13, 19, 23, 193
List the prime factors of 8359363.
97, 86179
What are the prime factors of 970087?
970087
What are the prime factors of 548249?
13, 181, 233
What are the prime factors of 656560?
2, 5, 29, 283
List the prime factors of 14670612.
2, 3, 11, 53, 233
List the prime factors of 13047218.
2, 31, 127, 1657
List the prime factors of 87737.
13, 17, 397
What are the prime factors of 16718765?
5, 7, 19, 31, 811
List the prime factors of 55114.
2, 17, 1621
What are the prime factors of 24130305?
3, 5, 59581
List the prime factors of 430985.
5, 86197
List the prime factors of 64454.
2, 13, 37, 67
List the prime factors of 1253106.
2, 3, 43, 1619
What are the prime factors of 1978925?
5, 13, 6089
What are the prime factors of 2471757?
3, 29, 28411
List the prime factors of 3906398.
2, 41, 47639
List the prime factors of 963065.
5, 192613
List the prime factors of 59594.
2, 83, 359
What are the prime factors of 242751?
3, 80917
List the prime factors of 3671974.
2, 691, 2657
What are the prime factors of 271409?
271409
What are the prime factors of 202002?
2, 3, 131, 257
What are the prime factors of 10172?
2, 2543
List the prime factors of 2374935.
3, 5, 158329
List the prime factors of 164980.
2, 5, 73, 113
List the prime factors of 119615.
5, 47, 509
List the prime factors of 871095.
3, 5, 58073
List the prime factors of 1146713.
1146713
What are the prime factors of 4923966?
2, 3, 109, 7529
List the prime factors of 1053171.
3, 7, 73, 229
What are the prime factors of 129641?
129641
List the prime factors of 4198692.
2, 3, 43, 79, 103
List the prime factors of 12453923.
12453923
List the prime factors of 5889908.
2, 787, 1871
List the prime factors of 245688.
2, 3, 29, 353
List the prime factors of 95539.
95539
What are the prime factors of 658115?
5, 43, 3061
What are the prime factors of 22643?
22643
What are the prime factors of 109811?
13, 8447
List the prime factors of 143213.
7, 41, 499
List the prime factors of 14734929.
3, 11, 29, 89, 173
List the prime factors of 12126724.
2, 3031681
List the prime factors of 234083.
234083
List the prime factors of 475610.
2, 5, 199, 239
What are the prime factors of 321932?
2, 13, 41, 151
List the prime factors of 5970016.
2, 13, 113, 127
What are the prime factors of 23231948?
2, 1571, 3697
List the prime factors of 12886788.
2, 3, 19, 29, 1949
List the prime factors of 469004.
2, 117251
What are the prime factors of 19133?
19, 53
What are the prime factors of 2515338?
2, 3, 7, 19963
List the prime factors of 26956171.
11, 53, 46237
What are the prime factors of 20362?
2, 10181
What are the prime factors of 546526?
2, 23, 109
What are the prime factors of 385045?
5, 53, 1453
List the prime factors of 91285.
5, 18257
What are the prime factors of 36323872?
2, 13, 87317
What are the prime factors of 991501?
7, 197, 719
What are the prime factors of 230929?
230929
What are the prime factors of 2024301?
3, 674767
What are the prime factors of 8504166?
2, 3, 11, 269, 479
What are the prime factors of 390121?
367, 1063
List the prime factors of 12898113.
3, 239, 17989
What are the prime factors of 2110404?
2, 3, 71, 2477
What are the prime factors of 236531?
19, 59, 211
List the prime factors of 100553.
193, 521
List the prime factors of 2836908.
2, 3, 78803
What are the prime factors of 380989?
7, 37, 1471
What are the prime factors of 1383094?
2, 41, 101, 167
List the prime factors of 2497872.
2, 3, 13, 4003
List the prime factors of 14587139.
7, 17, 37, 3313
What are the prime factors of 154359?
3, 5717
What are the prime factors of 23028221?
23, 337, 2971
List the prime factors of 2605743.
3, 7, 17, 811
What are the prime factors of 49713?
3, 73, 227
List the prime factors of 17593450.
2, 5, 7, 43, 167
What are the prime factors of 15506?
2, 7753
What are the prime factors of 4173912?
2, 3, 29, 1999
What are the prime factors of 7796140?
2, 5, 11, 35437
What are the prime factors of 4047599?
4047599
List the prime factor